Let n be w(-21). Let c = 12 + -7. Suppose 0 = c*k - k, 2*s - n*k - 4858 = 0. Is s prime?
False
Suppose 210 = 14*d + 28. Suppose -i + 34230 = 3*g, -4 + d = -3*i. Is g prime?
True
Let k = 5224 - 1437. Let s = k + -2222. Is s a composite number?
True
Is -6591370*(2/(-70))/((-434)/(-1519)) prime?
True
Suppose -4*w - 7789 = 9623. Let i be w/(1 - (-15)/(-6)). Let x = i + -933. Is x prime?
False
Suppose 3*k = 2*o + 17, 2*o + 5 - 3 = 0. Is k*(27786/10)/11 a composite number?
True
Suppose -2*h - 10 = 4*v + 6, 5*h = -2*v - 8. Let g be (-287502)/(-210) + (-14)/245. Suppose -9*d + g + 2744 = h. Is d a prime number?
True
Is 16 - (-72291 + (-56)/(-7)) composite?
True
Let c(m) = 25*m + 20. Let y be c(5). Is (4828/(-170))/((-2)/y) a composite number?
True
Let j = -277 + 2027. Suppose 3*t + j = 5383. Is t a composite number?
True
Suppose -9*p = -5*p - 15680. Suppose -p = 2*m + 4*b, 5 = -b - 4*b. Let i = m + 2879. Is i a prime number?
False
Let h be (-2 - -2)/(-2) - 0. Suppose 4*f + 125 = 145. Suppose -f*s + s + 6044 = h. Is s a composite number?
False
Let t = -605 - -1397. Let p = t + 2617. Is p prime?
False
Let i(h) = 109*h - 4. Let v be i(6). Let s = -51 + 61. Suppose -19060 = -s*f - v. Is f prime?
False
Suppose 2*j + 0*o - 32 = -4*o, -5*o = j - 22. Is (2 + j)*((-302825)/(-10))/5 a prime number?
False
Suppose -9367509 = -6*d + 3*w, 6117642 + 1688640 = 5*d + w. Is d a composite number?
True
Let k(o) be the second derivative of 17*o**4/6 - 7*o**3/6 - 17*o**2/2 + 46*o. Is k(-8) a composite number?
True
Let g = 4211845 - 2892236. Is g prime?
True
Let o(q) = 6*q + 5. Let t be o(0). Suppose 0 = -y - t*v + 10883, y - 5*v + 5748 = 16631. Is y a prime number?
True
Suppose -23490 = -5*g - 4*u, -9409 = -2*g + 7*u - 6*u. Suppose 8*d - g - 8722 = 0. Suppose 0*a = 2*a - d. Is a prime?
True
Let k(y) = 12*y**2 + 18. Let b be k(16). Suppose 0 = -4*n - 2*i + 6156, -n + 4*i = -3*n + b. Let d = -1018 + n. Is d composite?
True
Let c = 392 - 380. Suppose -i = c*i - 50453. Is i a composite number?
False
Suppose -62*r = -51*r - 44. Suppose -r*u + 3508 = -2*p, -5*u + 3*p = 2*p - 4385. Is u a composite number?
False
Suppose 5*x - z = 77236, 4*z = -44*x + 48*x - 61808. Is x a prime number?
False
Suppose -15*z - 6538 + 57095 = -1808. Is z a prime number?
True
Let i(w) = 12920*w**2 + 455*w - 913. Is i(2) prime?
False
Let l(d) = -12390*d - 2251. Is l(-6) composite?
False
Let f = 167 + -154. Let x(s) = 3059*s + 86. Is x(f) a composite number?
True
Suppose 4*g = -p - 363, -177 = 3*g - p + 90. Is 13886/9 + (g/10)/(-81) composite?
False
Let z(i) = 103*i**3 - i**2 - 4*i - 3. Is z(4) prime?
False
Suppose 3*g + 2*h = 5*g + 2, -2*g - 5*h = -26. Suppose 2947 = g*x - 4436. Is x prime?
False
Suppose -3*r = -y, 0 = -y + 1 - 4. Let q be -9979*(-1)/4 + r/(-4). Suppose q = -0*h + 5*h. Is h composite?
False
Is (1874*(-4)/40)/(69/(-43815)) a composite number?
True
Suppose 0 = -b - 5*u - 4, -38 = -5*b + 3*u + u. Suppose -b*s + 5*s + 3046 = 0. Is s prime?
False
Let w = 194 - 13. Suppose 0 = -190*l + w*l + 89901. Is l a prime number?
False
Suppose 5*g - 20*p = -25*p + 1640350, 5*g = -3*p + 1640344. Is g a prime number?
True
Suppose -w + 4*w + 103 = -b, -3*w = -b + 107. Is -5*28/w*255/12 prime?
False
Suppose 13*i - 14*i + 98255 = -4*q, -3*q + 393001 = 4*i. Is i composite?
False
Let r = -19291 + 31390. Is r - (6 + (4 - 8)) a composite number?
False
Let z(r) = 2*r**2 - 11*r - 7. Let j(c) = -c**2 + c + 1. Let w(k) = -6*j(k) - z(k). Suppose -u - 8 + 2 = 0. Is w(u) a prime number?
False
Let d(m) = 4*m**2 - 14*m - 5. Suppose -s + k = 2*s - 18, 0 = 2*s - 3*k - 19. Let t be d(s). Let n(f) = f**3 - 23*f**2 - 36*f - 33. Is n(t) composite?
False
Let l(q) = 903*q + 20. Let h be l(3). Let i = h + 1662. Is i composite?
False
Let y(n) be the third derivative of 181*n**5/30 - 11*n**4/24 + 7*n**3/2 + 46*n**2. Is y(-6) composite?
True
Suppose -12*o - 195 = -7*o. Let d = o - -46. Suppose d*j - 3471 = 4*j. Is j composite?
True
Suppose -2*b = -4658 - 752. Suppose 4*d = b + 363. Is d a prime number?
False
Let g(z) = -2 + 492*z**2 + 7*z - 17*z + 8*z + 7*z. Let j be g(4). Suppose 7*n - 2911 = j. Is n a composite number?
False
Suppose -h + 107990 = 1087. Is h a composite number?
False
Suppose -4 + 4 = 15*u. Suppose -4*v + u*y - 4325 = -3*y, 3246 = -3*v + 3*y. Let b = v - -3118. Is b a prime number?
True
Let q(j) = j**3 + 2*j - 71. Let z be q(0). Suppose -4*m - 545 = -9*m. Let t = z + m. Is t a composite number?
True
Suppose 4731042 - 900619 = 17*v. Is v a prime number?
False
Let g(z) = -440*z**2 - 41*z - 234. Let x(l) = 220*l**2 + 20*l + 117. Let c(d) = 2*g(d) + 5*x(d). Is c(-7) prime?
True
Let u(l) = 46178*l + 87. Is u(7) a composite number?
False
Let w = 55429 - -5382. Is w a composite number?
False
Let j be (1 - (3 - -2))/(37/(-148)). Let u(w) = -w**3 + 7*w**2 - 4*w - 16. Let v be u(7). Is (2342/8)/((v/j)/(-11)) a prime number?
True
Suppose 70*i - 84*i + 103642 = 0. Is i prime?
False
Let a(i) = -5*i**3 + 9*i**2 + 186*i + 59. Is a(-24) a prime number?
True
Suppose -5*m - 7 = -3*r, 14*r - 17*r - 4*m = -43. Let h = r - -141. Let p = h + -71. Is p prime?
True
Let o(f) = f**3 - 4*f**2 + 3*f - 12. Let h be o(4). Suppose 4*v = 2*w - 0*v + 42, 4*w - 2*v + 66 = h. Is 1/(-3) + (-1250)/w prime?
True
Suppose -913*z + 2753 = -926*z + 212404. Is z composite?
False
Let z(o) = -o**2 - 18*o + 11. Let w be (0 - 3) + -9 + 2. Let s be z(w). Let k = s - -204. Is k a prime number?
False
Suppose 453798142 = 167*a + 155*a. Is a a composite number?
False
Let t(c) = 6707*c + 1372. Is t(5) a prime number?
False
Suppose 0 = 3*h - 5*l - 364377, -3*h + 242956 = -h + 3*l. Is h composite?
False
Suppose j + 32 = 5*j. Suppose 0 = j*x - x + 7385. Let m = x - -1944. Is m a composite number?
True
Let n(u) = 22*u**3 - 9*u**2 + 117*u + 7. Is n(8) composite?
True
Let z be 0*4/(-1 - -5). Suppose z*q = -q, 3*q + 2093 = r. Suppose -14*n = -r - 1071. Is n composite?
True
Suppose -3*y - 5*b + 10 = -3*b, -3*y + 2 = -2*b. Suppose m - y*m + 2*t + 709 = 0, 2*m - 3*t = 1418. Is m composite?
False
Let z(x) = 5*x + 122. Let p be z(-23). Let d(f) = f**3 + 16*f**2 - 12*f + 24. Is d(p) a prime number?
False
Let c(a) = -453*a - 59. Let q(j) = 1813*j + 234. Let w(m) = 9*c(m) + 2*q(m). Is w(-8) prime?
False
Let m(k) = -k**3 - 92*k**2 - 58*k - 115. Is m(-98) prime?
False
Suppose 5*b - 312523 = -4*h, 2*h = -5*h - 3*b + 546944. Is h a composite number?
False
Let k(m) = m**2 + 10*m + 25. Let a be k(-6). Let t be (-1)/((-5)/15)*a. Suppose 5*d - 4*d - 25 = t*l, -4*d - 3*l = -160. Is d a prime number?
True
Let j(q) = -148*q + 229. Let g(y) = -146*y + 231. Let f(s) = 2*g(s) - 3*j(s). Is f(7) a composite number?
False
Let r(o) = -o**3 + 103*o**2 + 60*o + 1979. Is r(93) prime?
True
Suppose -151 - 39 = -5*u. Suppose 6*r - 2 = -u. Is ((-764)/r)/((-2)/(-6)) prime?
False
Let b be 60090/6*-1*(-5 + 4). Suppose -5*l + b = -4*a - 27134, -a = 4*l - 29736. Is l a composite number?
False
Let t = 46813 - 3914. Is t composite?
False
Suppose 171*n = 181*n - 9647110. Is n prime?
False
Let u(s) = -3*s**3 - 21*s**2 + 5*s - 119. Is u(-22) a composite number?
True
Let a(j) = -j**2 - 24*j - 125. Let h be a(-8). Let r be 152/3*(0 + 6). Suppose -h*t - 5*v + 2089 = 0, 4*t - 5*v - 2528 - r = 0. Is t composite?
True
Let r(f) = 11*f - 57. Let n be r(-14). Suppose q = -3*w - 1084, 5*w + 1788 = -2*q + 5*q. Let d = n - w. Is d prime?
True
Let f(g) = -102*g + 5863. Is f(-147) composite?
False
Suppose c + 2*z = 1711627, 2*c - 3423191 = 26*z - 21*z. Is c a composite number?
False
Suppose -2*h + 14*h = 24. Suppose 3*t = 17 - h, 4*u = -5*t + 14613. Is u a composite number?
True
Let n = 19357 - 6338. Is n composite?
True
Let h(g) = 15*g**2 + 9*g + 28. Let q be h(11). Suppose -3*i + 209 = -q. Is i a composite number?
True
Let c(q) = 197*q + 1211. Let p(t) = 50*t + 303. Let w(a) = 2*c(a) - 9*p(a). Is w(-26) prime?
True
Suppose 1683 = -2*i - v, 2*i + 5*v + 828 = i. Let z = 1484 + i. Let u = 1918 - z. Is u prime?
True
Suppose 15*p = 16*p - 678. Suppose 0 = 6*c - 8*c - p. Let k = c - -880. Is k a prime number?
True
Suppose t = 104 + 531. Let c(s) = 190*s**2 - 17*s. Let l be c(-6). Suppose -4*r + l = -5*q, 3*q + t = 2*r - 2837. Is r prime?
True
Let k be (-5*(-36)/75)/((-2)/(-1555)). Let v = k + -1289. Suppose 5*m + l - 3*l = v, 4*l